{"id":9217,"date":"2026-02-13T15:00:46","date_gmt":"2026-02-13T13:00:46","guid":{"rendered":"https:\/\/www.defibsolutions.fr\/boutique\/shop\/mediana-a16-batterie\/"},"modified":"2026-02-13T15:00:46","modified_gmt":"2026-02-13T13:00:46","slug":"mediana-a16-batterie","status":"publish","type":"product","link":"https:\/\/www.defibsolutions.fr\/boutique\/shop\/mediana-a16-batterie\/","title":{"rendered":"Mediana A16 Batterie"},"content":{"rendered":"<p>La batterie originale Mediana est sp\u00e9cialement con\u00e7ue pour le DEA HeartOn A16 (versions semi-automatique et enti\u00e8rement automatique). Cette batterie lithium dioxyde de mangan\u00e8se (LiMnO2) non rechargeable offre une alimentation fiable avec une tension de 15V et une capacit\u00e9 de 3 000 mAh.<\/p>\n<p>L&#8217;autonomie en veille est de 5 ans \u00e0 compter de la date de fabrication lorsqu&#8217;elle est install\u00e9e dans le DEA. La dur\u00e9e de conservation dans l&#8217;emballage d&#8217;origine est de 2 ans. La batterie fournit suffisamment d&#8217;\u00e9nergie pour un minimum de 200 chocs de d\u00e9fibrillation ou 6 heures de surveillance continue.<\/p>\n<p>Le DEA Mediana A16 effectue r\u00e9guli\u00e8rement des autotests automatiques (quotidiens, hebdomadaires et mensuels) et indique via l&#8217;\u00e9cran LCD si la batterie dispose encore d&#8217;une capacit\u00e9 suffisante. Lorsque le niveau de la batterie est bas, l&#8217;indicateur de statut l&#8217;affiche clairement.<\/p>\n<p>Remplacez la batterie en temps utile ou conservez une batterie de rechange pour garantir que votre DEA est toujours pr\u00eat \u00e0 l&#8217;emploi.<\/p>\n<p>Utilisable \u00e0 des temp\u00e9ratures de 0\u00b0C \u00e0 43\u00b0C.<\/p>\n","protected":false},"excerpt":{"rendered":"<p>Batterie originale Mediana pour le DEA HeartOn A16. LiMnO2, 15V \/ 3 000 mAh. Autonomie en veille : 5 ans. Minimum 200 chocs ou 6 heures de surveillance. Non rechargeable.<\/p>\n","protected":false},"featured_media":9216,"template":"","meta":[],"product_brand":[],"product_cat":[397,399],"product_tag":[],"class_list":{"0":"post-9217","1":"product","2":"type-product","3":"status-publish","4":"has-post-thumbnail","6":"product_cat-mediana","7":"product_cat-mediana-a16","9":"first","10":"instock","11":"taxable","12":"shipping-taxable","13":"purchasable","14":"product-type-simple"},"bundled_by":[],"bundle_stock_status":"instock","bundle_stock_quantity":null,"bundle_virtual":false,"bundle_layout":"","bundle_add_to_cart_form_location":"","bundle_editable_in_cart":false,"bundle_sold_individually_context":"","bundle_item_grouping":"","bundle_min_size":"","bundle_max_size":"","bundle_price":[],"bundled_items":[],"bundle_sell_ids":[],"_links":{"self":[{"href":"https:\/\/www.defibsolutions.fr\/boutique\/wp-json\/wp\/v2\/product\/9217","targetHints":{"allow":["GET"]}}],"collection":[{"href":"https:\/\/www.defibsolutions.fr\/boutique\/wp-json\/wp\/v2\/product"}],"about":[{"href":"https:\/\/www.defibsolutions.fr\/boutique\/wp-json\/wp\/v2\/types\/product"}],"wp:featuredmedia":[{"embeddable":true,"href":"https:\/\/www.defibsolutions.fr\/boutique\/wp-json\/wp\/v2\/media\/9216"}],"wp:attachment":[{"href":"https:\/\/www.defibsolutions.fr\/boutique\/wp-json\/wp\/v2\/media?parent=9217"}],"wp:term":[{"taxonomy":"product_brand","embeddable":true,"href":"https:\/\/www.defibsolutions.fr\/boutique\/wp-json\/wp\/v2\/product_brand?post=9217"},{"taxonomy":"product_cat","embeddable":true,"href":"https:\/\/www.defibsolutions.fr\/boutique\/wp-json\/wp\/v2\/product_cat?post=9217"},{"taxonomy":"product_tag","embeddable":true,"href":"https:\/\/www.defibsolutions.fr\/boutique\/wp-json\/wp\/v2\/product_tag?post=9217"}],"curies":[{"name":"wp","href":"https:\/\/api.w.org\/{rel}","templated":true}]}}