{"id":7276,"date":"2023-08-09T12:16:01","date_gmt":"2023-08-09T10:16:01","guid":{"rendered":"https:\/\/www.defibsolutions.fr\/boutique\/?post_type=product&#038;p=7276"},"modified":"2025-03-14T08:46:07","modified_gmt":"2025-03-14T06:46:07","slug":"schiller-electrodes-adultes-pre-connectees-fred-easy","status":"publish","type":"product","link":"https:\/\/www.defibsolutions.fr\/boutique\/shop\/schiller-electrodes-adultes-pre-connectees-fred-easy\/","title":{"rendered":"Schiller \u00e9lectrodes adultes pr\u00e9-connect\u00e9es Fred Easy"},"content":{"rendered":"<p>\u00c9lectrodes adultes compatibles avec le d\u00e9fibrillateur Schiller Fred Easy, Fred Easy Life et Skity.<\/p>\n<p>Dur\u00e9e de vie date de p\u00e9remption +\/- 2,5 ans<\/p>\n","protected":false},"excerpt":{"rendered":"<p>\u00c9lectrodes adultes compatibles avec le d\u00e9fibrillateur Schiller Fred Easy, Fred Easy Life et Skity. Dur\u00e9e de vie date de p\u00e9remption<\/p>\n","protected":false},"featured_media":7277,"template":"","meta":[],"product_brand":[],"product_cat":[263,326],"product_tag":[],"class_list":{"0":"post-7276","1":"product","2":"type-product","3":"status-publish","4":"has-post-thumbnail","6":"product_cat-accessoires-dae","7":"product_cat-schiller-fred-easy-accessoires","8":"pa_fabricant-schiller","10":"first","11":"instock","12":"taxable","13":"shipping-taxable","14":"purchasable","15":"product-type-simple"},"bundled_by":[],"bundle_stock_status":"instock","bundle_stock_quantity":null,"bundle_virtual":false,"bundle_layout":"","bundle_add_to_cart_form_location":"","bundle_editable_in_cart":false,"bundle_sold_individually_context":"","bundle_item_grouping":"","bundle_min_size":"","bundle_max_size":"","bundle_price":[],"bundled_items":[],"bundle_sell_ids":[],"_links":{"self":[{"href":"https:\/\/www.defibsolutions.fr\/boutique\/wp-json\/wp\/v2\/product\/7276","targetHints":{"allow":["GET"]}}],"collection":[{"href":"https:\/\/www.defibsolutions.fr\/boutique\/wp-json\/wp\/v2\/product"}],"about":[{"href":"https:\/\/www.defibsolutions.fr\/boutique\/wp-json\/wp\/v2\/types\/product"}],"wp:featuredmedia":[{"embeddable":true,"href":"https:\/\/www.defibsolutions.fr\/boutique\/wp-json\/wp\/v2\/media\/7277"}],"wp:attachment":[{"href":"https:\/\/www.defibsolutions.fr\/boutique\/wp-json\/wp\/v2\/media?parent=7276"}],"wp:term":[{"taxonomy":"product_brand","embeddable":true,"href":"https:\/\/www.defibsolutions.fr\/boutique\/wp-json\/wp\/v2\/product_brand?post=7276"},{"taxonomy":"product_cat","embeddable":true,"href":"https:\/\/www.defibsolutions.fr\/boutique\/wp-json\/wp\/v2\/product_cat?post=7276"},{"taxonomy":"product_tag","embeddable":true,"href":"https:\/\/www.defibsolutions.fr\/boutique\/wp-json\/wp\/v2\/product_tag?post=7276"}],"curies":[{"name":"wp","href":"https:\/\/api.w.org\/{rel}","templated":true}]}}