{"id":7177,"date":"2023-06-29T13:39:51","date_gmt":"2023-06-29T11:39:51","guid":{"rendered":"https:\/\/www.defibsolutions.fr\/boutique\/?post_type=product&#038;p=7177"},"modified":"2025-03-14T08:46:03","modified_gmt":"2025-03-14T06:46:03","slug":"cu-medical-ipad-nf1200-electrodes-pediatriques","status":"publish","type":"product","link":"https:\/\/www.defibsolutions.fr\/boutique\/shop\/cu-medical-ipad-nf1200-electrodes-pediatriques\/","title":{"rendered":"CU Medical iPAD NF1200 \u00e9lectrodes p\u00e9diatriques"},"content":{"rendered":"<p>\u00c9lectrodes p\u00e9diatriques compatibles avec les d\u00e9fibrillateurs suivants :<\/p>\n<p>DAE semi-automatique CU Medical i-PAD NF 1200<\/p>\n<p>DAE automatique CU Medical i-PAD NF 1201<\/p>\n<p>DAE semi-automatique Colson Def-I<\/p>\n<p>DAE automatique Colson Auto-Def<\/p>\n","protected":false},"excerpt":{"rendered":"<p>Ces \u00e9lectrodes p\u00e9diatriques conviennent \u00e0 un enfant de 1 \u00e0 8 ans, ou pesant moins de 25 kg.<\/p>\n<p>Dur\u00e9e de vie : 18-24 mois<\/p>\n","protected":false},"featured_media":7178,"template":"","meta":[],"product_brand":[],"product_cat":[263,336,365],"product_tag":[],"class_list":{"0":"post-7177","1":"product","2":"type-product","3":"status-publish","4":"has-post-thumbnail","6":"product_cat-accessoires-dae","7":"product_cat-cu-medical-accessoires","8":"product_cat-electrodes","10":"first","11":"instock","12":"taxable","13":"shipping-taxable","14":"purchasable","15":"product-type-simple"},"bundled_by":[],"bundle_stock_status":"instock","bundle_stock_quantity":null,"bundle_virtual":false,"bundle_layout":"","bundle_add_to_cart_form_location":"","bundle_editable_in_cart":false,"bundle_sold_individually_context":"","bundle_item_grouping":"","bundle_min_size":"","bundle_max_size":"","bundle_price":[],"bundled_items":[],"bundle_sell_ids":[],"_links":{"self":[{"href":"https:\/\/www.defibsolutions.fr\/boutique\/wp-json\/wp\/v2\/product\/7177","targetHints":{"allow":["GET"]}}],"collection":[{"href":"https:\/\/www.defibsolutions.fr\/boutique\/wp-json\/wp\/v2\/product"}],"about":[{"href":"https:\/\/www.defibsolutions.fr\/boutique\/wp-json\/wp\/v2\/types\/product"}],"wp:featuredmedia":[{"embeddable":true,"href":"https:\/\/www.defibsolutions.fr\/boutique\/wp-json\/wp\/v2\/media\/7178"}],"wp:attachment":[{"href":"https:\/\/www.defibsolutions.fr\/boutique\/wp-json\/wp\/v2\/media?parent=7177"}],"wp:term":[{"taxonomy":"product_brand","embeddable":true,"href":"https:\/\/www.defibsolutions.fr\/boutique\/wp-json\/wp\/v2\/product_brand?post=7177"},{"taxonomy":"product_cat","embeddable":true,"href":"https:\/\/www.defibsolutions.fr\/boutique\/wp-json\/wp\/v2\/product_cat?post=7177"},{"taxonomy":"product_tag","embeddable":true,"href":"https:\/\/www.defibsolutions.fr\/boutique\/wp-json\/wp\/v2\/product_tag?post=7177"}],"curies":[{"name":"wp","href":"https:\/\/api.w.org\/{rel}","templated":true}]}}