{"id":5518,"date":"2021-09-02T10:23:39","date_gmt":"2021-09-02T08:23:39","guid":{"rendered":"https:\/\/www.defibsolutions.fr\/boutique\/?post_type=product&#038;p=5518"},"modified":"2023-06-02T16:16:27","modified_gmt":"2023-06-02T14:16:27","slug":"mannequin-ambu-man-basic-iqf","status":"publish","type":"product","link":"https:\/\/www.defibsolutions.fr\/boutique\/shop\/mannequin-ambu-man-basic-iqf\/","title":{"rendered":"Mannequin Ambu Man Basic iQF"},"content":{"rendered":"<p>Le mannequin de formation AmbuMan Basic est con\u00e7u pour r\u00e9pondre \u00e0 toutes les exigences de la formation \u00e0 l\u2019algorithme SCB. Avec la nouvelle application iQF, vous pouvez d\u00e9sormais fournir une formation extr\u00eamement pr\u00e9cise sur la r\u00e9alisation d&#8217;une RCP chez les adultes en arr\u00eat cardiaque.<\/p>\n<p>La RCP devient le facteur le plus important lorsqu\u2019une personne est en arr\u00eat cardiaque. Des l\u00e9sions c\u00e9r\u00e9brales peuvent \u00eatre caus\u00e9es si aucune mesure n\u2019est prise dans les quatre minutes sans oxyg\u00e8ne dans ces circonstances. Il est donc important que les \u00e9tudiants soient form\u00e9s \u00e0 cette discipline.<\/p>\n<p><strong>iQF, la formation adapt\u00e9e \u00e0 la vie !<\/strong><br \/>\nL\u2019application iQF comprend des informations bas\u00e9es sur des donn\u00e9es et des mesures pr\u00e9cises des param\u00e8tres RCP pertinents. Aidez vos \u00e9tudiants \u00e0 r\u00e9aliser une RCP parfaite tout en s&#8217;amusant et en s&#8217;affrontant les uns les autres.<\/p>\n<p><strong>Ventilation r\u00e9aliste et compressions correctes<\/strong><br \/>\nLes \u00e9tudiants sentiront la r\u00e9sistance oppos\u00e9e par <em>une voie a\u00e9rienne r\u00e9aliste<\/em>, verront le soul\u00e8vement et l&#8217;abaissement du thorax lorsque la t\u00eate est inclin\u00e9e correctement et que de l\u2019air est insuffl\u00e9 dans le mannequin. AmbuMan Basic permet aux \u00e9tudiants d&#8217;observer, d&#8217;\u00e9couter et de sentir la ventilation comme dans la vraie vie. Le <em>syst\u00e8me hygi\u00e9nique<\/em> unique emp\u00eache la contamination crois\u00e9e. La<em> profondeur<\/em> de compression correcte et le <em>volume de ventilation<\/em> requis peuvent \u00eatre surveill\u00e9s par le moniteur de contr\u00f4le sur le mannequin.<\/p>\n<p><b>Sp\u00e9cifications<br \/>\n<\/b>Poids du torse : 6kg<br \/>\nLongeur : 70cm<br \/>\nLargeur: 37cm<br \/>\nMax. volume de ventilation : 1 200ml<br \/>\nProfondeur de compression : max. 7cm<\/p>\n<p><b><strong>Contenu du colis\u00a0<\/strong><br \/>\n<\/b>1 Mannequin de formation AmbuMan Basic iQF<br \/>\nVeste d\u2019entra\u00eenement<br \/>\nValise de transport<br \/>\n1 peau de visage et 25 sacs d&#8217;insufflation<\/p>\n<p>&nbsp;<\/p>\n","protected":false},"excerpt":{"rendered":"<p>Le mannequin de formation AmbuMan Basic est con\u00e7u pour r\u00e9pondre \u00e0 toutes les exigences de la formation \u00e0 l\u2019algorithme SCB.<\/p>\n","protected":false},"featured_media":7034,"template":"","meta":[],"product_brand":[],"product_cat":[338,212,211],"product_tag":[],"class_list":{"0":"post-5518","1":"product","2":"type-product","3":"status-publish","4":"has-post-thumbnail","6":"product_cat-ambu-man-basic","7":"product_cat-ambu-mannequins","8":"product_cat-mannequins-de-formation","9":"pa_fabricant-ambu","11":"first","12":"instock","13":"taxable","14":"shipping-taxable","15":"purchasable","16":"product-type-simple"},"bundled_by":[],"bundle_stock_status":"instock","bundle_stock_quantity":null,"bundle_virtual":false,"bundle_layout":"","bundle_add_to_cart_form_location":"","bundle_editable_in_cart":false,"bundle_sold_individually_context":"","bundle_item_grouping":"","bundle_min_size":"","bundle_max_size":"","bundle_price":[],"bundled_items":[],"bundle_sell_ids":[],"_links":{"self":[{"href":"https:\/\/www.defibsolutions.fr\/boutique\/wp-json\/wp\/v2\/product\/5518","targetHints":{"allow":["GET"]}}],"collection":[{"href":"https:\/\/www.defibsolutions.fr\/boutique\/wp-json\/wp\/v2\/product"}],"about":[{"href":"https:\/\/www.defibsolutions.fr\/boutique\/wp-json\/wp\/v2\/types\/product"}],"wp:featuredmedia":[{"embeddable":true,"href":"https:\/\/www.defibsolutions.fr\/boutique\/wp-json\/wp\/v2\/media\/7034"}],"wp:attachment":[{"href":"https:\/\/www.defibsolutions.fr\/boutique\/wp-json\/wp\/v2\/media?parent=5518"}],"wp:term":[{"taxonomy":"product_brand","embeddable":true,"href":"https:\/\/www.defibsolutions.fr\/boutique\/wp-json\/wp\/v2\/product_brand?post=5518"},{"taxonomy":"product_cat","embeddable":true,"href":"https:\/\/www.defibsolutions.fr\/boutique\/wp-json\/wp\/v2\/product_cat?post=5518"},{"taxonomy":"product_tag","embeddable":true,"href":"https:\/\/www.defibsolutions.fr\/boutique\/wp-json\/wp\/v2\/product_tag?post=5518"}],"curies":[{"name":"wp","href":"https:\/\/api.w.org\/{rel}","templated":true}]}}