{"id":5285,"date":"2021-05-17T15:56:33","date_gmt":"2021-05-17T13:56:33","guid":{"rendered":"https:\/\/www.defibsolutions.fr\/boutique\/?post_type=product&#038;p=5285"},"modified":"2021-05-17T15:56:33","modified_gmt":"2021-05-17T13:56:33","slug":"stethoscopes-a-pavillon-double-lot-de-5","status":"publish","type":"product","link":"https:\/\/www.defibsolutions.fr\/boutique\/shop\/stethoscopes-a-pavillon-double-lot-de-5\/","title":{"rendered":"St\u00e9thoscopes \u00e0 pavillon double (lot de 5)"},"content":{"rendered":"<p>Romed St\u00e9thoscopes \u00e0 pavillon double conditionn\u00e9s individuellement dans une bo\u00eete.<\/p>\n","protected":false},"excerpt":{"rendered":"<p>Romed St\u00e9thoscopes \u00e0 pavillon double conditionn\u00e9s individuellement dans une bo\u00eete.<\/p>\n","protected":false},"featured_media":0,"template":"","meta":[],"product_brand":[],"product_cat":[306],"product_tag":[],"class_list":{"0":"post-5285","1":"product","2":"type-product","3":"status-publish","5":"product_cat-autres-articles","7":"first","8":"instock","9":"taxable","10":"shipping-taxable","11":"purchasable","12":"product-type-simple"},"bundled_by":[],"bundle_stock_status":"instock","bundle_stock_quantity":null,"bundle_virtual":false,"bundle_layout":"","bundle_add_to_cart_form_location":"","bundle_editable_in_cart":false,"bundle_sold_individually_context":"","bundle_item_grouping":"","bundle_min_size":"","bundle_max_size":"","bundle_price":[],"bundled_items":[],"bundle_sell_ids":[],"_links":{"self":[{"href":"https:\/\/www.defibsolutions.fr\/boutique\/wp-json\/wp\/v2\/product\/5285","targetHints":{"allow":["GET"]}}],"collection":[{"href":"https:\/\/www.defibsolutions.fr\/boutique\/wp-json\/wp\/v2\/product"}],"about":[{"href":"https:\/\/www.defibsolutions.fr\/boutique\/wp-json\/wp\/v2\/types\/product"}],"wp:attachment":[{"href":"https:\/\/www.defibsolutions.fr\/boutique\/wp-json\/wp\/v2\/media?parent=5285"}],"wp:term":[{"taxonomy":"product_brand","embeddable":true,"href":"https:\/\/www.defibsolutions.fr\/boutique\/wp-json\/wp\/v2\/product_brand?post=5285"},{"taxonomy":"product_cat","embeddable":true,"href":"https:\/\/www.defibsolutions.fr\/boutique\/wp-json\/wp\/v2\/product_cat?post=5285"},{"taxonomy":"product_tag","embeddable":true,"href":"https:\/\/www.defibsolutions.fr\/boutique\/wp-json\/wp\/v2\/product_tag?post=5285"}],"curies":[{"name":"wp","href":"https:\/\/api.w.org\/{rel}","templated":true}]}}