{"id":5240,"date":"2021-04-19T15:06:34","date_gmt":"2021-04-19T13:06:34","guid":{"rendered":"https:\/\/www.defibsolutions.fr\/boutique\/?post_type=product&#038;p=5240"},"modified":"2025-03-14T08:46:05","modified_gmt":"2025-03-14T06:46:05","slug":"philips-hs1-frx-cable-infrarouge-act-ir","status":"publish","type":"product","link":"https:\/\/www.defibsolutions.fr\/boutique\/shop\/philips-hs1-frx-cable-infrarouge-act-ir\/","title":{"rendered":"Philips HS1 \/ FRx C\u00e2ble infrarouge ACT-IR"},"content":{"rendered":"<p>Le c\u00e2ble de transmission de donn\u00e9es par infrarouge ACT-IR est \u00e0 utiliser avec le logiciel HeartStart Event Review. Il vous permet de transf\u00e9rer les donn\u00e9es recueillies par votre d\u00e9fibrillateur Philips Heartstart HS1 ou Philips Heartstart FRx apr\u00e8s une intervention, en reliant votre d\u00e9fibrillateur \u00e0 un PC ou ordinateur portable.<\/p>\n<p>Vous pouvez ainsi extraire les donn\u00e9es de votre d\u00e9fibrillateur et les \u00e9tudier, \u00e0 condition d\u2019avoir pr\u00e9alablement install\u00e9 le logiciel \u00ab HeartStart Event Review \u00bb de gestion de donn\u00e9es sur votre PC.<\/p>\n<p>Les donn\u00e9es extraites du DAE gr\u00e2ce au c\u00e2ble peuvent \u00eatre importantes \u00e0 transmettre aux services d\u2019urgence qui ont pris en charge le patient, ou au m\u00e9decin traitant ou cardiologue du patient.<\/p>\n<p>Le HeartStart stocke automatiquement des informations sur sa derni\u00e8re utilisation clinique en m\u00e9moire interne pendant au moins 30 jours afin que les donn\u00e9es puissent \u00eatre t\u00e9l\u00e9charg\u00e9es sur un ordinateur utilisant le logiciel Event Review appropri\u00e9. Apr\u00e8s ce d\u00e9lai, les derniers enregistrements ECG sont automatiquement effac\u00e9s pour pr\u00e9parer l&#8217;appareil \u00e0 sa prochaine utilisation.<\/p>\n<p>Les donn\u00e9es associ\u00e9es \u00e0 la derni\u00e8re utilisation du d\u00e9fibrillateur stock\u00e9es dans la m\u00e9moire interne comprennent :<\/p>\n<ul>\n<li>les enregistrements ECG<\/li>\n<li>l&#8217;\u00e9tat du HeartStart (totalit\u00e9 de l&#8217;incident)<\/li>\n<li>les d\u00e9cisions d&#8217;analyse du rythme du HeartStart (totalit\u00e9 de l&#8217;incident)<\/li>\n<li>le temps \u00e9coul\u00e9 associ\u00e9 aux \u00e9v\u00e9nements stock\u00e9s (totalit\u00e9 de l&#8217;incident)<\/li>\n<\/ul>\n","protected":false},"excerpt":{"rendered":"<p>Le c\u00e2ble de transmission de donn\u00e9es par infrarouge ACT-IR est \u00e0 utiliser avec le logiciel HeartStart Event Review. Il vous<\/p>\n","protected":false},"featured_media":6985,"template":"","meta":[],"product_brand":[],"product_cat":[263,106,107],"product_tag":[],"class_list":{"0":"post-5240","1":"product","2":"type-product","3":"status-publish","4":"has-post-thumbnail","6":"product_cat-accessoires-dae","7":"product_cat-heartstart-frx-accessoires","8":"product_cat-heartstart-hs1-accessoires","9":"pa_fabricant-philips","11":"first","12":"instock","13":"taxable","14":"shipping-taxable","15":"purchasable","16":"product-type-simple"},"bundled_by":[],"bundle_stock_status":"instock","bundle_stock_quantity":null,"bundle_virtual":false,"bundle_layout":"","bundle_add_to_cart_form_location":"","bundle_editable_in_cart":false,"bundle_sold_individually_context":"","bundle_item_grouping":"","bundle_min_size":"","bundle_max_size":"","bundle_price":[],"bundled_items":[],"bundle_sell_ids":[],"_links":{"self":[{"href":"https:\/\/www.defibsolutions.fr\/boutique\/wp-json\/wp\/v2\/product\/5240","targetHints":{"allow":["GET"]}}],"collection":[{"href":"https:\/\/www.defibsolutions.fr\/boutique\/wp-json\/wp\/v2\/product"}],"about":[{"href":"https:\/\/www.defibsolutions.fr\/boutique\/wp-json\/wp\/v2\/types\/product"}],"wp:featuredmedia":[{"embeddable":true,"href":"https:\/\/www.defibsolutions.fr\/boutique\/wp-json\/wp\/v2\/media\/6985"}],"wp:attachment":[{"href":"https:\/\/www.defibsolutions.fr\/boutique\/wp-json\/wp\/v2\/media?parent=5240"}],"wp:term":[{"taxonomy":"product_brand","embeddable":true,"href":"https:\/\/www.defibsolutions.fr\/boutique\/wp-json\/wp\/v2\/product_brand?post=5240"},{"taxonomy":"product_cat","embeddable":true,"href":"https:\/\/www.defibsolutions.fr\/boutique\/wp-json\/wp\/v2\/product_cat?post=5240"},{"taxonomy":"product_tag","embeddable":true,"href":"https:\/\/www.defibsolutions.fr\/boutique\/wp-json\/wp\/v2\/product_tag?post=5240"}],"curies":[{"name":"wp","href":"https:\/\/api.w.org\/{rel}","templated":true}]}}