{"id":4798,"date":"2021-01-25T16:43:36","date_gmt":"2021-01-25T14:43:36","guid":{"rendered":"https:\/\/www.defibsolutions.fr\/boutique\/?post_type=product&#038;p=4798"},"modified":"2021-09-21T09:48:28","modified_gmt":"2021-09-21T07:48:28","slug":"laerdal-lcsu4-bocal-a-usage-unique-800ml","status":"publish","type":"product","link":"https:\/\/www.defibsolutions.fr\/boutique\/shop\/laerdal-lcsu4-bocal-a-usage-unique-800ml\/","title":{"rendered":"Laerdal LCSU4 bocal \u00e0 usage unique 800ml"},"content":{"rendered":"<p>Laerdal LCSU4 bocal \u00e0 usage unique 800ml, utilis\u00e9 avec :<\/p>\n<p>\u2013 Laerdal dispositif d\u2019aspiration portable LCSU 3 \u2013 (Le LCSU 3 n\u2019est plus commercialis\u00e9, il est remplac\u00e9 par le LCSU4)<br \/>\n\u2013 Laerdal dispositif d\u2019aspiration portable LCSU 4<\/p>\n","protected":false},"excerpt":{"rendered":"<p>Laerdal LCSU4 bocal \u00e0 usage unique 800ml, utilis\u00e9 avec : \u2013 Laerdal dispositif d\u2019aspiration portable LCSU 3 \u2013 (Le LCSU<\/p>\n","protected":false},"featured_media":4799,"template":"","meta":[],"product_brand":[],"product_cat":[247],"product_tag":[],"class_list":{"0":"post-4798","1":"product","2":"type-product","3":"status-publish","4":"has-post-thumbnail","6":"product_cat-aspirateurs-de-mucosite","7":"pa_fabricant-laerdal","9":"first","10":"instock","11":"taxable","12":"shipping-taxable","13":"purchasable","14":"product-type-simple"},"bundled_by":[],"bundle_stock_status":"instock","bundle_stock_quantity":null,"bundle_virtual":false,"bundle_layout":"","bundle_add_to_cart_form_location":"","bundle_editable_in_cart":false,"bundle_sold_individually_context":"","bundle_item_grouping":"","bundle_min_size":"","bundle_max_size":"","bundle_price":[],"bundled_items":[],"bundle_sell_ids":[],"_links":{"self":[{"href":"https:\/\/www.defibsolutions.fr\/boutique\/wp-json\/wp\/v2\/product\/4798","targetHints":{"allow":["GET"]}}],"collection":[{"href":"https:\/\/www.defibsolutions.fr\/boutique\/wp-json\/wp\/v2\/product"}],"about":[{"href":"https:\/\/www.defibsolutions.fr\/boutique\/wp-json\/wp\/v2\/types\/product"}],"wp:featuredmedia":[{"embeddable":true,"href":"https:\/\/www.defibsolutions.fr\/boutique\/wp-json\/wp\/v2\/media\/4799"}],"wp:attachment":[{"href":"https:\/\/www.defibsolutions.fr\/boutique\/wp-json\/wp\/v2\/media?parent=4798"}],"wp:term":[{"taxonomy":"product_brand","embeddable":true,"href":"https:\/\/www.defibsolutions.fr\/boutique\/wp-json\/wp\/v2\/product_brand?post=4798"},{"taxonomy":"product_cat","embeddable":true,"href":"https:\/\/www.defibsolutions.fr\/boutique\/wp-json\/wp\/v2\/product_cat?post=4798"},{"taxonomy":"product_tag","embeddable":true,"href":"https:\/\/www.defibsolutions.fr\/boutique\/wp-json\/wp\/v2\/product_tag?post=4798"}],"curies":[{"name":"wp","href":"https:\/\/api.w.org\/{rel}","templated":true}]}}