{"id":4219,"date":"2020-02-27T17:14:11","date_gmt":"2020-02-27T15:14:11","guid":{"rendered":"https:\/\/www.defibsolutions.fr\/?post_type=product&#038;p=4219"},"modified":"2023-08-07T12:19:51","modified_gmt":"2023-08-07T10:19:51","slug":"laerdal-masques-de-visage-baby","status":"publish","type":"product","link":"https:\/\/www.defibsolutions.fr\/boutique\/shop\/laerdal-masques-de-visage-baby\/","title":{"rendered":"Laerdal Little Baby QCPR masques de visage (peau blanche)"},"content":{"rendered":"<p>Jeu de 6 masques de visage de la marque Laerdal. Lors des cours vous pouvez utiliser soit un masque de visage par \u00e9l\u00e8ve, soit un masque pour toute la session de formation, mais dans ce cas l\u00e0, entre chaque \u00e9l\u00e8ve, bien nettoyer le visage avec une lingette d\u00e9sinfectante. Les masques du visage sont r\u00e9alistes et leurs narines souples facilitent le pincement correct du nez.<\/p>\n<p>Ces masques de visages s&#8217;adaptent sur les mannequins Laerdal Resusci Baby et Laerdal Little Baby QCPR.<\/p>\n<p>Attention : si vous utilisez un ancien mod\u00e8le de B\u00e9b\u00e9 Anne, vous devez utiliser les nouvelles voies respiratoires r\u00e9f. 130-10150.<\/p>\n<p>&nbsp;<\/p>\n","protected":false},"excerpt":{"rendered":"<p>Jeu de 6 masques de visage de la marque Laerdal. Lors des cours vous pouvez utiliser soit un masque de<\/p>\n","protected":false},"featured_media":7269,"template":"","meta":[],"product_brand":[],"product_cat":[224,225],"product_tag":[],"class_list":{"0":"post-4219","1":"product","2":"type-product","3":"status-publish","4":"has-post-thumbnail","6":"product_cat-laerdal-accessoires","7":"product_cat-laerdal-baby-qcpr-accessoires","8":"pa_fabricant-laerdal","10":"first","11":"instock","12":"taxable","13":"shipping-taxable","14":"purchasable","15":"product-type-simple"},"bundled_by":[],"bundle_stock_status":"instock","bundle_stock_quantity":null,"bundle_virtual":false,"bundle_layout":"","bundle_add_to_cart_form_location":"","bundle_editable_in_cart":false,"bundle_sold_individually_context":"","bundle_item_grouping":"","bundle_min_size":"","bundle_max_size":"","bundle_price":[],"bundled_items":[],"bundle_sell_ids":[],"_links":{"self":[{"href":"https:\/\/www.defibsolutions.fr\/boutique\/wp-json\/wp\/v2\/product\/4219","targetHints":{"allow":["GET"]}}],"collection":[{"href":"https:\/\/www.defibsolutions.fr\/boutique\/wp-json\/wp\/v2\/product"}],"about":[{"href":"https:\/\/www.defibsolutions.fr\/boutique\/wp-json\/wp\/v2\/types\/product"}],"wp:featuredmedia":[{"embeddable":true,"href":"https:\/\/www.defibsolutions.fr\/boutique\/wp-json\/wp\/v2\/media\/7269"}],"wp:attachment":[{"href":"https:\/\/www.defibsolutions.fr\/boutique\/wp-json\/wp\/v2\/media?parent=4219"}],"wp:term":[{"taxonomy":"product_brand","embeddable":true,"href":"https:\/\/www.defibsolutions.fr\/boutique\/wp-json\/wp\/v2\/product_brand?post=4219"},{"taxonomy":"product_cat","embeddable":true,"href":"https:\/\/www.defibsolutions.fr\/boutique\/wp-json\/wp\/v2\/product_cat?post=4219"},{"taxonomy":"product_tag","embeddable":true,"href":"https:\/\/www.defibsolutions.fr\/boutique\/wp-json\/wp\/v2\/product_tag?post=4219"}],"curies":[{"name":"wp","href":"https:\/\/api.w.org\/{rel}","templated":true}]}}