{"id":4019,"date":"2019-12-05T17:54:13","date_gmt":"2019-12-05T15:54:13","guid":{"rendered":"https:\/\/www.defibsolutions.fr\/?post_type=product&#038;p=4019"},"modified":"2023-06-02T16:53:21","modified_gmt":"2023-06-02T14:53:21","slug":"ambu-man-basic-mannequin","status":"publish","type":"product","link":"https:\/\/www.defibsolutions.fr\/boutique\/shop\/ambu-man-basic-mannequin\/","title":{"rendered":"Mannequin Ambu Man Basic"},"content":{"rendered":"<p>Le Ambu Man Basic est un mannequin tr\u00e8s r\u00e9aliste qui r\u00e9pond \u00e0 toutes les exigences de la formation BLS.<\/p>\n<p>Avec son torse ferm\u00e9 et ses caract\u00e9ristiques anatomiques, le mannequin est id\u00e9al pour la formation BLS et pour placer des \u00e9lectrodes avec un d\u00e9fibrillateur de formation.<\/p>\n<p>L&#8217;anatomie r\u00e9aliste du mannequin permet une d\u00e9termination du positionnement de la main pour effectuer les compressions thoraciques. Comme dans la vie r\u00e9elle, le Ambu Man Basic ne peut \u00eatre ventil\u00e9 qu\u2019avec une manoeuvre de bascule de la t\u00eate ou de soul\u00e8vement du menton. L&#8217;indicateur de r\u00e9troaction permet de lire facilement si l&#8217;\u00e9l\u00e8ve ex\u00e9cute correctement la r\u00e9animation. Cet indicateur indique le volume de ventilation, la profondeur de compression thoracique en mm, le gonflement de l&#8217;estomac et la mauvaise position des mains.<\/p>\n<p>On ne peut pas fixer de bras et de jambes sur le mannequin de secourisme Ambu Man Basic (c\u2019est un torse et on ne peut pas y rajouter de membres).<\/p>\n<p><b><span style=\"color: #008000;\">Caract\u00e9ristiques :<\/span><br \/>\n<\/b>&#8211; Robuste et fiable<br \/>\n&#8211;\u00a0Formation r\u00e9aliste en compressions thoraciques<br \/>\n&#8211;\u00a0Visualisation de la profondeur des compressions<br \/>\n&#8211;\u00a0Syst\u00e8me hygi\u00e9nique Ambu pour le bouche \u00e0 bouche et la ventilation bouche \u00e0 nez<br \/>\n&#8211;\u00a0Convient pour ventilation par ballon auto-remplisseur<br \/>\n&#8211;\u00a0R\u00e9sistance de ventilation r\u00e9aliste<br \/>\n&#8211;\u00a0Le volume de ventilation est contr\u00f4lable<br \/>\n&#8211;\u00a0Rehaussement visible de la poitrine<br \/>\n&#8211;\u00a0Torse ferm\u00e9<br \/>\n&#8211;\u00a0Facile pour la formation D\u00e9fibrillateur<\/p>\n<p><span style=\"color: #008000;\"><b>\u00a0<\/b><\/span><b><span style=\"color: #008000;\"><strong>Contenu du colis <\/strong>:<\/span><br \/>\n<\/b>&#8211;\u00a0Mannequin Ambu Man Basic<br \/>\n&#8211;\u00a01 peau de visage<br \/>\n&#8211;\u00a025 sacs d\u2019insufflation<br \/>\n&#8211;\u00a0Sac de transport<br \/>\n&#8211;\u00a0V\u00eatements<\/p>\n<p><b><span style=\"color: #008000;\">Sp\u00e9cifications<\/span> :<br \/>\n<\/b>&#8211;\u00a0Poids du Torse: 6 kg<br \/>\n&#8211;\u00a0Longueur : 70 cm<br \/>\n&#8211;\u00a0Largeur : 37 cm<br \/>\n&#8211;\u00a0Volume de ventilation: 1200 ml<br \/>\n&#8211; Profondeur de compression maximale: 7,5 cm<\/p>\n<p>&nbsp;<\/p>\n<p>&nbsp;<\/p>\n","protected":false},"excerpt":{"rendered":"<p>Le Ambu Man Basic est un mannequin tr\u00e8s r\u00e9aliste qui r\u00e9pond \u00e0 toutes les exigences de la formation BLS. Avec<\/p>\n","protected":false},"featured_media":2999,"template":"","meta":[],"product_brand":[],"product_cat":[338,212,211],"product_tag":[],"class_list":{"0":"post-4019","1":"product","2":"type-product","3":"status-publish","4":"has-post-thumbnail","6":"product_cat-ambu-man-basic","7":"product_cat-ambu-mannequins","8":"product_cat-mannequins-de-formation","9":"pa_fabricant-ambu","11":"first","12":"instock","13":"taxable","14":"shipping-taxable","15":"purchasable","16":"product-type-simple"},"bundled_by":[],"bundle_stock_status":"instock","bundle_stock_quantity":null,"bundle_virtual":false,"bundle_layout":"","bundle_add_to_cart_form_location":"","bundle_editable_in_cart":false,"bundle_sold_individually_context":"","bundle_item_grouping":"","bundle_min_size":"","bundle_max_size":"","bundle_price":[],"bundled_items":[],"bundle_sell_ids":[],"_links":{"self":[{"href":"https:\/\/www.defibsolutions.fr\/boutique\/wp-json\/wp\/v2\/product\/4019","targetHints":{"allow":["GET"]}}],"collection":[{"href":"https:\/\/www.defibsolutions.fr\/boutique\/wp-json\/wp\/v2\/product"}],"about":[{"href":"https:\/\/www.defibsolutions.fr\/boutique\/wp-json\/wp\/v2\/types\/product"}],"wp:featuredmedia":[{"embeddable":true,"href":"https:\/\/www.defibsolutions.fr\/boutique\/wp-json\/wp\/v2\/media\/2999"}],"wp:attachment":[{"href":"https:\/\/www.defibsolutions.fr\/boutique\/wp-json\/wp\/v2\/media?parent=4019"}],"wp:term":[{"taxonomy":"product_brand","embeddable":true,"href":"https:\/\/www.defibsolutions.fr\/boutique\/wp-json\/wp\/v2\/product_brand?post=4019"},{"taxonomy":"product_cat","embeddable":true,"href":"https:\/\/www.defibsolutions.fr\/boutique\/wp-json\/wp\/v2\/product_cat?post=4019"},{"taxonomy":"product_tag","embeddable":true,"href":"https:\/\/www.defibsolutions.fr\/boutique\/wp-json\/wp\/v2\/product_tag?post=4019"}],"curies":[{"name":"wp","href":"https:\/\/api.w.org\/{rel}","templated":true}]}}