{"id":3179,"date":"2019-07-11T12:49:11","date_gmt":"2019-07-11T10:49:11","guid":{"rendered":"http:\/\/bhvvoordeelw.dded11d.satserver.nl\/product\/cardiac-science-powerheart-g5-volautomaat\/"},"modified":"2025-03-14T08:46:03","modified_gmt":"2025-03-14T06:46:03","slug":"cardiac-science-powerheart-g5-automatique-defibrillateur","status":"publish","type":"product","link":"https:\/\/www.defibsolutions.fr\/boutique\/shop\/cardiac-science-powerheart-g5-automatique-defibrillateur\/","title":{"rendered":"Cardiac Science Powerheart G5 Automatique"},"content":{"rendered":"<div>\n<p><span style=\"font-weight: 400;\">L&#8217;innovation la plus importante est le bouton d&#8217;aide \u00e0 la r\u00e9animation. Ainsi, le secouriste re\u00e7oit des informations en temps r\u00e9el sur la qualit\u00e9 des massages cardiaques et peut ajuster ses actions en cons\u00e9quence.\u00a0<\/span><\/p>\n<p><span style=\"font-weight: 400;\">Ce soutien est vivement recommand\u00e9 dans les derni\u00e8res directives en mati\u00e8re de RCP du Conseil europ\u00e9en de la RCP. <\/span><span style=\"font-weight: 400;\"><br \/>\n<\/span><span style=\"font-weight: 400;\"><br \/>\n<\/span><b>Le choc est ajust\u00e9<\/b><span style=\"font-weight: 400;\"><br \/>\n<\/span><span style=\"font-weight: 400;\"> Ce DAE diagnostique d&#8217;abord la victime, puis d\u00e9termine avec quelle \u00e9nergie le choc peut \u00eatre efficace. <\/span><span style=\"font-weight: 400;\"><br \/>\n<\/span><span style=\"font-weight: 400;\">Si plusieurs chocs sont n\u00e9cessaires, le Powerheart G5 augmentera progressivement le niveau d&#8217;\u00e9nergie.\u00a0<\/span><\/p>\n<p><b>RescueCoach<\/b><br \/>\n<span style=\"font-weight: 400;\">Ce DAE Powerheart est \u00e9galement \u00e9quip\u00e9 du RescueCoach qui fournit au secouriste des instructions et assure ainsi une r\u00e9animation optimale. <\/span><span style=\"font-weight: 400;\"><br \/>\n<\/span><span style=\"font-weight: 400;\">Ces instructions sont \u00e0 la fois prononc\u00e9es et affich\u00e9es \u00e0 l&#8217;\u00e9cran de mani\u00e8re \u00e0 pouvoir \u00e9galement \u00eatre suivies dans des environnements bruyants. De plus, cet \u00e9cran contient des informations de base sur le nombre de chocs d\u00e9livr\u00e9s et le temps \u00e9coul\u00e9.<\/span><\/p>\n<p><b>Connectivit\u00e9<\/b><b><br \/>\n<\/b><span style=\"font-weight: 400;\">Un transfert de donn\u00e9es rapide est possible via une connexion USB.\u00a0<\/span><br \/>\n<span style=\"font-weight: 400;\">Cela permet aux m\u00e9decins traitants d\u2019acc\u00e9der rapidement et facilement aux donn\u00e9es ECG du patient.<\/span><\/p>\n<p><strong><span style=\"color: #008000;\">Contenu du colis :<\/span><br \/>\n<\/strong>\u2013 un d\u00e9fibrillateur <strong>automatique<\/strong>\u00a0Cardiac Science Powerheart G5<br \/>\n\u2013 une paire d\u2019\u00e9lectrodes G5 CPRD<br \/>\n\u2013 un sac de transport<br \/>\n\u2013 un mode d\u2019emploi en fran\u00e7ais<br \/>\n\u2013 une garantie de 8 ans<\/p>\n<table>\n<tbody>\n<tr>\n<td><b>Sp\u00e9cifications<\/b><\/td>\n<\/tr>\n<tr>\n<td>mode de l\u2019appareil: version <b>automatique<\/b><\/td>\n<\/tr>\n<tr>\n<td>indice de protection: 55<\/td>\n<\/tr>\n<tr>\n<td>m\u00e9tronome: oui<\/td>\n<\/tr>\n<tr>\n<td>assistance au massage cardiaque (realtime Feedback): non<\/td>\n<\/tr>\n<tr>\n<td>dur\u00e9e de vie des \u00e9lectrodes G5 CPRD: 2 ans<\/td>\n<\/tr>\n<tr>\n<td>dur\u00e9e de vie des \u00e9lectrodes p\u00e9diatriques: 2 ans<\/td>\n<\/tr>\n<tr>\n<td>dur\u00e9e de vie de la batterie G5: 4 ans<\/td>\n<\/tr>\n<tr>\n<td>niveau d\u2019\u00e9nergie d\u00e9livr\u00e9e : 200 \/ 200 \/ 360 joules<\/td>\n<\/tr>\n<tr>\n<td>poids: 2,5 kg<\/td>\n<\/tr>\n<tr>\n<td>dimensions: 23 cm x 30 cm x 9 cm<\/td>\n<\/tr>\n<tr>\n<td>marquage CE \/ certification FDA: oui<\/td>\n<\/tr>\n<\/tbody>\n<\/table>\n<\/div>\n<p><a href=\"https:\/\/www.defibsolutions.fr\/wp-content\/uploads\/2019\/09\/Cardiac-Science-Powerheart-G5-manuel-de-lutilisation.pdf\">Cardiac Science Powerheart G5 manuel de l&#8217;utilisation<\/a><\/p>\n<p>&nbsp;<\/p>\n<p><center><iframe loading=\"lazy\" src=\"https:\/\/www.youtube.com\/embed\/3BWIKY6m1XI\" width=\"840\" height=\"472\" frameborder=\"0\" allowfullscreen=\"allowfullscreen\"><\/iframe><\/center><\/p>\n","protected":false},"excerpt":{"rendered":"<p>Prix sur demande<\/p>\n<p>&nbsp;<\/p>\n","protected":false},"featured_media":3654,"template":"","meta":[],"product_brand":[],"product_cat":[139,101,64,320],"product_tag":[],"class_list":{"0":"post-3179","1":"product","2":"type-product","3":"status-publish","4":"has-post-thumbnail","6":"product_cat-cardiac-science-aeds","7":"product_cat-cardiac-science-aeds-defibrillator","8":"product_cat-dae-defibrillateurs","9":"product_cat-grille-tarifaire","10":"pa_fabricant-cardiac-science","12":"first","13":"instock","14":"taxable","15":"shipping-taxable","16":"product-type-simple"},"bundled_by":[],"bundle_stock_status":"instock","bundle_stock_quantity":null,"bundle_virtual":false,"bundle_layout":"","bundle_add_to_cart_form_location":"","bundle_editable_in_cart":false,"bundle_sold_individually_context":"","bundle_item_grouping":"","bundle_min_size":"","bundle_max_size":"","bundle_price":[],"bundled_items":[],"bundle_sell_ids":[],"_links":{"self":[{"href":"https:\/\/www.defibsolutions.fr\/boutique\/wp-json\/wp\/v2\/product\/3179","targetHints":{"allow":["GET"]}}],"collection":[{"href":"https:\/\/www.defibsolutions.fr\/boutique\/wp-json\/wp\/v2\/product"}],"about":[{"href":"https:\/\/www.defibsolutions.fr\/boutique\/wp-json\/wp\/v2\/types\/product"}],"wp:featuredmedia":[{"embeddable":true,"href":"https:\/\/www.defibsolutions.fr\/boutique\/wp-json\/wp\/v2\/media\/3654"}],"wp:attachment":[{"href":"https:\/\/www.defibsolutions.fr\/boutique\/wp-json\/wp\/v2\/media?parent=3179"}],"wp:term":[{"taxonomy":"product_brand","embeddable":true,"href":"https:\/\/www.defibsolutions.fr\/boutique\/wp-json\/wp\/v2\/product_brand?post=3179"},{"taxonomy":"product_cat","embeddable":true,"href":"https:\/\/www.defibsolutions.fr\/boutique\/wp-json\/wp\/v2\/product_cat?post=3179"},{"taxonomy":"product_tag","embeddable":true,"href":"https:\/\/www.defibsolutions.fr\/boutique\/wp-json\/wp\/v2\/product_tag?post=3179"}],"curies":[{"name":"wp","href":"https:\/\/api.w.org\/{rel}","templated":true}]}}