{"id":2902,"date":"2019-07-11T12:48:47","date_gmt":"2019-07-11T10:48:47","guid":{"rendered":"http:\/\/bhvvoordeelw.dded11d.satserver.nl\/product\/heartsine-pad-pak-volwassenen\/"},"modified":"2025-12-05T08:50:29","modified_gmt":"2025-12-05T06:50:29","slug":"heartsine-pad-pak-adultes","status":"publish","type":"product","link":"https:\/\/www.defibsolutions.fr\/boutique\/shop\/heartsine-pad-pak-adultes\/","title":{"rendered":"Heartsine Pad-pak adultes"},"content":{"rendered":"<h2>Heartsine Pad-pak Adultes<\/h2>\n<p><span style=\"font-weight: 400;\">Le Pad-Pak HeartSine Samaritan contient les \u00e9lectrodes et les batteries pour les d\u00e9fibrillateurs HeartSine 350P, 360P et 500P. Vous n\u2019avez donc pas \u00e0 les acheter s\u00e9par\u00e9ment.<br \/>\n<\/span><span style=\"font-weight: 400;\">Le Pad-Pak a une dur\u00e9e de vie de 4 ans. Remplacez le Pad-Pak \u00e0 temps pour que le d\u00e9fibrillateur fonctionne correctement en cas d&#8217;urgence.<br \/>\n<\/span><span style=\"font-weight: 400;\">D\u00e8s que le\u00a0 d\u00e9fibrillateur a \u00e9t\u00e9 utilis\u00e9, vous devez remplacer le Pad-Pak.<br \/>\n<\/span><\/p>\n<p><span style=\"font-weight: 400;\">Le Pad-Pak est disponible en deux mod\u00e8les: le Pad-pak pour adultes \/ le Pad-pak pour enfants. Le Pad-Pak p\u00e9diatrique est utilis\u00e9 pour les enfants de 1 \u00e0 8 ans ou de moins de 25 kg.\u00a0<\/span><\/p>\n<p><span style=\"font-weight: 400;\">\u00a0<\/span><\/p>\n","protected":false},"excerpt":{"rendered":"<p>Heartsine Pad-pak Adultes <span style=\"font-weight: 400;\">pour les d\u00e9fibrillateurs HeartSine 350P, 360P et 500P.<\/span><\/p>\n","protected":false},"featured_media":2903,"template":"","meta":[],"product_brand":[],"product_cat":[263,320,70,104],"product_tag":[],"class_list":{"0":"post-2902","1":"product","2":"type-product","3":"status-publish","4":"has-post-thumbnail","6":"product_cat-accessoires-dae","7":"product_cat-grille-tarifaire","8":"product_cat-heartsine","9":"product_cat-samaritan-aed-accessoires","10":"pa_fabricant-heartsine","12":"first","13":"instock","14":"taxable","15":"shipping-taxable","16":"purchasable","17":"product-type-simple"},"bundled_by":[],"bundle_stock_status":"instock","bundle_stock_quantity":null,"bundle_virtual":false,"bundle_layout":"","bundle_add_to_cart_form_location":"","bundle_editable_in_cart":false,"bundle_sold_individually_context":"","bundle_item_grouping":"","bundle_min_size":"","bundle_max_size":"","bundle_price":[],"bundled_items":[],"bundle_sell_ids":[],"_links":{"self":[{"href":"https:\/\/www.defibsolutions.fr\/boutique\/wp-json\/wp\/v2\/product\/2902","targetHints":{"allow":["GET"]}}],"collection":[{"href":"https:\/\/www.defibsolutions.fr\/boutique\/wp-json\/wp\/v2\/product"}],"about":[{"href":"https:\/\/www.defibsolutions.fr\/boutique\/wp-json\/wp\/v2\/types\/product"}],"wp:featuredmedia":[{"embeddable":true,"href":"https:\/\/www.defibsolutions.fr\/boutique\/wp-json\/wp\/v2\/media\/2903"}],"wp:attachment":[{"href":"https:\/\/www.defibsolutions.fr\/boutique\/wp-json\/wp\/v2\/media?parent=2902"}],"wp:term":[{"taxonomy":"product_brand","embeddable":true,"href":"https:\/\/www.defibsolutions.fr\/boutique\/wp-json\/wp\/v2\/product_brand?post=2902"},{"taxonomy":"product_cat","embeddable":true,"href":"https:\/\/www.defibsolutions.fr\/boutique\/wp-json\/wp\/v2\/product_cat?post=2902"},{"taxonomy":"product_tag","embeddable":true,"href":"https:\/\/www.defibsolutions.fr\/boutique\/wp-json\/wp\/v2\/product_tag?post=2902"}],"curies":[{"name":"wp","href":"https:\/\/api.w.org\/{rel}","templated":true}]}}