{"id":2894,"date":"2019-07-11T12:48:47","date_gmt":"2019-07-11T10:48:47","guid":{"rendered":"http:\/\/bhvvoordeelw.dded11d.satserver.nl\/product\/cardiac-science-powerheart-g3-kinderelektroden\/"},"modified":"2025-03-14T08:46:03","modified_gmt":"2025-03-14T06:46:03","slug":"cardiac-science-powerheart-g3-electrodes-pediatriques","status":"publish","type":"product","link":"https:\/\/www.defibsolutions.fr\/boutique\/shop\/cardiac-science-powerheart-g3-electrodes-pediatriques\/","title":{"rendered":"Cardiac Science Powerheart G3 \u00e9lectrodes p\u00e9diatriques"},"content":{"rendered":"<p><span style=\"font-weight: 400;\">Les \u00e9lectrodes p\u00e9diatriques Cardiac Science Powerheart G3 pour traiter les enfants de 1 \u00e0 8 ans et de moins de 25 kg.<br \/>\nVous ne pouvez pas les pr\u00e9connecter au d\u00e9fibrillateur.<\/span><\/p>\n<p><b>Dur\u00e9e de vie <\/b><span style=\"font-weight: 400;\">: 2 ans<\/span><\/p>\n<p><b>Convient :<br \/>\n<\/b><span style=\"font-weight: 400;\">&#8211; le d\u00e9fibrillateur Cardiac Science Powerheart G3<br \/>\n&#8211; le d\u00e9fibrillateur\u00a0<\/span><span style=\"font-weight: 400;\">Cardiac Science Powerheart G3 Plus<br \/>\n&#8211; le d\u00e9fibrillateur\u00a0<\/span><span style=\"font-weight: 400;\">Cardiac Science Powerheart G3 Pro<\/span><\/p>\n","protected":false},"excerpt":{"rendered":"<p><span style=\"font-weight: 400;\">Cardiac Science <\/span><b>Powerheart G3 <\/b><b>\u00e9lectrodes pour enfants<\/b><\/p>\n","protected":false},"featured_media":2895,"template":"","meta":[],"product_brand":[],"product_cat":[263,101,102],"product_tag":[],"class_list":{"0":"post-2894","1":"product","2":"type-product","3":"status-publish","4":"has-post-thumbnail","6":"product_cat-accessoires-dae","7":"product_cat-cardiac-science-aeds-defibrillator","8":"product_cat-powerheart-g3-accessoires","9":"pa_fabricant-cardiac-science","11":"first","12":"instock","13":"taxable","14":"shipping-taxable","15":"purchasable","16":"product-type-simple"},"bundled_by":[],"bundle_stock_status":"instock","bundle_stock_quantity":null,"bundle_virtual":false,"bundle_layout":"","bundle_add_to_cart_form_location":"","bundle_editable_in_cart":false,"bundle_sold_individually_context":"","bundle_item_grouping":"","bundle_min_size":"","bundle_max_size":"","bundle_price":[],"bundled_items":[],"bundle_sell_ids":[],"_links":{"self":[{"href":"https:\/\/www.defibsolutions.fr\/boutique\/wp-json\/wp\/v2\/product\/2894","targetHints":{"allow":["GET"]}}],"collection":[{"href":"https:\/\/www.defibsolutions.fr\/boutique\/wp-json\/wp\/v2\/product"}],"about":[{"href":"https:\/\/www.defibsolutions.fr\/boutique\/wp-json\/wp\/v2\/types\/product"}],"wp:featuredmedia":[{"embeddable":true,"href":"https:\/\/www.defibsolutions.fr\/boutique\/wp-json\/wp\/v2\/media\/2895"}],"wp:attachment":[{"href":"https:\/\/www.defibsolutions.fr\/boutique\/wp-json\/wp\/v2\/media?parent=2894"}],"wp:term":[{"taxonomy":"product_brand","embeddable":true,"href":"https:\/\/www.defibsolutions.fr\/boutique\/wp-json\/wp\/v2\/product_brand?post=2894"},{"taxonomy":"product_cat","embeddable":true,"href":"https:\/\/www.defibsolutions.fr\/boutique\/wp-json\/wp\/v2\/product_cat?post=2894"},{"taxonomy":"product_tag","embeddable":true,"href":"https:\/\/www.defibsolutions.fr\/boutique\/wp-json\/wp\/v2\/product_tag?post=2894"}],"curies":[{"name":"wp","href":"https:\/\/api.w.org\/{rel}","templated":true}]}}