{"id":2871,"date":"2019-07-11T12:48:43","date_gmt":"2019-07-11T10:48:43","guid":{"rendered":"http:\/\/bhvvoordeelw.dded11d.satserver.nl\/product\/defibtech-lifeline-trainer-aed\/"},"modified":"2022-03-21T14:55:03","modified_gmt":"2022-03-21T12:55:03","slug":"defibtech-lifeline-dae-de-formation","status":"publish","type":"product","link":"https:\/\/www.defibsolutions.fr\/boutique\/shop\/defibtech-lifeline-dae-de-formation\/","title":{"rendered":"Defibtech Lifeline DAE de formation"},"content":{"rendered":"<p><span style=\"font-weight: 400;\">Le d\u00e9fibrillateur de formation Defibtech Lifeline est un appareil d\u2019entra\u00eenement qui a la m\u00eame apparence que le d\u00e9fibrillateur Lifeline. Pour le reconna\u00eetre, le bo\u00eetier de l\u2019entra\u00eeneur est en partie rouge. L&#8217;appareil ne peut pas r\u00e9ellement \u00eatre utilis\u00e9 pour d\u00e9fibriller des patients, il ne peut pas donner de choc. <\/span><span style=\"font-weight: 400;\">Ce DAE de formation est utilis\u00e9 pour enseigner aux \u00e9tudiants comment utiliser un d\u00e9fibrillateur.\u00a0<\/span><\/p>\n<p><span style=\"font-weight: 400;\">Diff\u00e9rents sc\u00e9narios de r\u00e9animation peuvent \u00eatre pratiqu\u00e9s. L&#8217;instructeur peut facilement choisir les sc\u00e9narios avec la t\u00e9l\u00e9commande. C&#8217;est possible de contr\u00f4ler un maximum de 4 DAE de formation dans une classe avec une t\u00e9l\u00e9commande.<\/span><\/p>\n<p><span style=\"font-weight: 400;\">Vous pouvez vous entra\u00eener \u00e0 la fois en mode semi-automatique et automatique.<\/span><\/p>\n<p><span style=\"color: #008000;\"><strong>Contenu du colis :<br \/>\n<span style=\"color: #000000;\">&#8211;\u00a0<\/span><\/strong><\/span><span style=\"font-weight: 400;\">Disponible en fran\u00e7ais, n\u00e9erlandais, anglais ou allemand<br \/>\n&#8211;\u00a0<\/span><span style=\"font-weight: 400;\">Sac de transport rouge<br \/>\n&#8211;\u00a0<\/span><span style=\"font-weight: 400;\">Electrodes de formation pour adultes<br \/>\n&#8211;\u00a0<\/span><span style=\"font-weight: 400;\">Electrodes de formation pour enfants<br \/>\n&#8211;\u00a0<\/span><span style=\"font-weight: 400;\">Batterie rechargeable + chargeur<br \/>\n<\/span><span style=\"font-weight: 400;\">&#8211; T\u00e9l\u00e9commande<br \/>\n<\/span><span style=\"font-weight: 400;\">&#8211; Manuel d&#8217;utilisation<\/span><\/p>\n","protected":false},"excerpt":{"rendered":"<p>D\u00e9fibrillateur de formation Defibtech Lifeline<\/p>\n<p><span style=\"font-weight: 400;\">Tr\u00e8s populaire aupr\u00e8s des formateurs et des \u00e9tudiants !!<\/span><\/p>\n","protected":false},"featured_media":2872,"template":"","meta":[],"product_brand":[],"product_cat":[75,92],"product_tag":[],"class_list":{"0":"post-2871","1":"product","2":"type-product","3":"status-publish","4":"has-post-thumbnail","6":"product_cat-aed-trainers","7":"product_cat-defibtech-aed-trainers","8":"pa_fabricant-defibtech","10":"first","11":"instock","12":"taxable","13":"shipping-taxable","14":"purchasable","15":"product-type-simple"},"bundled_by":[],"bundle_stock_status":"instock","bundle_stock_quantity":null,"bundle_virtual":false,"bundle_layout":"","bundle_add_to_cart_form_location":"","bundle_editable_in_cart":false,"bundle_sold_individually_context":"","bundle_item_grouping":"","bundle_min_size":"","bundle_max_size":"","bundle_price":[],"bundled_items":[],"bundle_sell_ids":[],"_links":{"self":[{"href":"https:\/\/www.defibsolutions.fr\/boutique\/wp-json\/wp\/v2\/product\/2871","targetHints":{"allow":["GET"]}}],"collection":[{"href":"https:\/\/www.defibsolutions.fr\/boutique\/wp-json\/wp\/v2\/product"}],"about":[{"href":"https:\/\/www.defibsolutions.fr\/boutique\/wp-json\/wp\/v2\/types\/product"}],"wp:featuredmedia":[{"embeddable":true,"href":"https:\/\/www.defibsolutions.fr\/boutique\/wp-json\/wp\/v2\/media\/2872"}],"wp:attachment":[{"href":"https:\/\/www.defibsolutions.fr\/boutique\/wp-json\/wp\/v2\/media?parent=2871"}],"wp:term":[{"taxonomy":"product_brand","embeddable":true,"href":"https:\/\/www.defibsolutions.fr\/boutique\/wp-json\/wp\/v2\/product_brand?post=2871"},{"taxonomy":"product_cat","embeddable":true,"href":"https:\/\/www.defibsolutions.fr\/boutique\/wp-json\/wp\/v2\/product_cat?post=2871"},{"taxonomy":"product_tag","embeddable":true,"href":"https:\/\/www.defibsolutions.fr\/boutique\/wp-json\/wp\/v2\/product_tag?post=2871"}],"curies":[{"name":"wp","href":"https:\/\/api.w.org\/{rel}","templated":true}]}}