{"id":2843,"date":"2019-07-11T12:48:39","date_gmt":"2019-07-11T10:48:39","guid":{"rendered":"http:\/\/bhvvoordeelw.dded11d.satserver.nl\/product\/aivia-210-aed-buitenkast\/"},"modified":"2026-01-05T12:51:07","modified_gmt":"2026-01-05T10:51:07","slug":"aivia-210-armoire-defibrillateur-usage-exterieur","status":"publish","type":"product","link":"https:\/\/www.defibsolutions.fr\/boutique\/shop\/aivia-210-armoire-defibrillateur-usage-exterieur\/","title":{"rendered":"AIVIA 210 Armoire chauff\u00e9e digicode pour d\u00e9fibrillateur (usage ext\u00e9rieur)"},"content":{"rendered":"<h2>AIVIA 210 Armoire chauff\u00e9e digicode pour d\u00e9fibrillateur<\/h2>\n<p style=\"font-weight: 400;\">Boitier mural\u00a0 pour l\u2019ext\u00e9rieur &#8211; digicode &#8211; ouverture m\u00e9canique.<br \/>\nAvec alarme sonore (r\u00e9glable de 70 \u00e0 105 dB \u00e0 1 m) et visuelle (lampes LED rouges clignotantes).<br \/>\nLe syst\u00e8me de chauffage et de ventilation r\u00e9gul\u00e9 par un capteur de temp\u00e9ratures permet au boitier de pouvoir r\u00e9sister \u00e0 des temp\u00e9ratures extr\u00eames. L\u2019armoire murale peut \u00eatre plac\u00e9e \u00e0 l&#8217;ext\u00e9rieur d&#8217;un b\u00e2timent, sans aucun probl\u00e8me.<br \/>\nAlimentation tr\u00e8s basse tension 24 volts. Transformateur 24 V DC 75W inclus.<\/p>\n<p style=\"font-weight: 400;\"><strong>Recommandations :<\/strong><\/p>\n<p style=\"font-weight: 400;\">-installer le coffret mural \u00e0 l\u2019ombre<br \/>\n-positionner le bas du bo\u00eetier \u00e0 environ 1m30 du sol<br \/>\n-faire appel \u00e0 un \u00e9lectricien pour effectuer le branchement \u00e9lectrique<\/p>\n","protected":false},"excerpt":{"rendered":"<p><span style=\"font-weight: 400;\">Armoire ext\u00e9rieur AIVIA 210 avec serrure \u00e0 code PIN, alarme, chauffage, ventilateur et \u00e9clairage.<\/span><\/p>\n","protected":false},"featured_media":2844,"template":"","meta":[],"product_brand":[],"product_cat":[263,82,81],"product_tag":[],"class_list":{"0":"post-2843","1":"product","2":"type-product","3":"status-publish","4":"has-post-thumbnail","6":"product_cat-accessoires-dae","7":"product_cat-boitier-et-support-mural","8":"product_cat-tous-les-accessoires","9":"pa_fabricant-aivia","11":"first","12":"instock","13":"taxable","14":"shipping-taxable","15":"purchasable","16":"product-type-simple"},"bundled_by":[],"bundle_stock_status":"instock","bundle_stock_quantity":null,"bundle_virtual":false,"bundle_layout":"","bundle_add_to_cart_form_location":"","bundle_editable_in_cart":false,"bundle_sold_individually_context":"","bundle_item_grouping":"","bundle_min_size":"","bundle_max_size":"","bundle_price":[],"bundled_items":[],"bundle_sell_ids":[],"_links":{"self":[{"href":"https:\/\/www.defibsolutions.fr\/boutique\/wp-json\/wp\/v2\/product\/2843","targetHints":{"allow":["GET"]}}],"collection":[{"href":"https:\/\/www.defibsolutions.fr\/boutique\/wp-json\/wp\/v2\/product"}],"about":[{"href":"https:\/\/www.defibsolutions.fr\/boutique\/wp-json\/wp\/v2\/types\/product"}],"wp:featuredmedia":[{"embeddable":true,"href":"https:\/\/www.defibsolutions.fr\/boutique\/wp-json\/wp\/v2\/media\/2844"}],"wp:attachment":[{"href":"https:\/\/www.defibsolutions.fr\/boutique\/wp-json\/wp\/v2\/media?parent=2843"}],"wp:term":[{"taxonomy":"product_brand","embeddable":true,"href":"https:\/\/www.defibsolutions.fr\/boutique\/wp-json\/wp\/v2\/product_brand?post=2843"},{"taxonomy":"product_cat","embeddable":true,"href":"https:\/\/www.defibsolutions.fr\/boutique\/wp-json\/wp\/v2\/product_cat?post=2843"},{"taxonomy":"product_tag","embeddable":true,"href":"https:\/\/www.defibsolutions.fr\/boutique\/wp-json\/wp\/v2\/product_tag?post=2843"}],"curies":[{"name":"wp","href":"https:\/\/api.w.org\/{rel}","templated":true}]}}