{"id":2778,"date":"2019-07-11T12:48:35","date_gmt":"2019-07-11T10:48:35","guid":{"rendered":"http:\/\/bhvvoordeelw.dded11d.satserver.nl\/product\/aed-wandkast\/"},"modified":"2026-01-02T13:41:03","modified_gmt":"2026-01-02T11:41:03","slug":"boitier-mural-universel-usage-interieur","status":"publish","type":"product","link":"https:\/\/www.defibsolutions.fr\/boutique\/shop\/boitier-mural-universel-usage-interieur\/","title":{"rendered":"Bo\u00eetier mural universel vert (usage int\u00e9rieur)"},"content":{"rendered":"<p>Armoire murale universelle en m\u00e9tal de couleur verte. Le Conseil Europ\u00e9en de R\u00e9animation a choisi cette couleur comme couleur de base pour le logo DAE. Cela rend l\u2019armoire reconnaissable en tant qu\u2019armoire de d\u00e9fibrillateur. Il y a une alarme dans l\u2019armoire qui sonne lorsque le bo\u00eetier est ouvert.<\/p>\n<p>Une vitre en plexiglas facilite la v\u00e9rification du DAE. De l\u2019ext\u00e9rieur, le responsable peut voir si le dernier auto-test du d\u00e9fibrillateur s\u2019est bien pass\u00e9 et si le DAE est effectivement pr\u00e9sent.<\/p>\n<p>Remarque: cette armoire ne convient pas pour une utilisation \u00e0 l\u2019ext\u00e9rieur.<\/p>\n<p>Les d\u00e9fibrillateurs suivants peuvent \u00eatre plac\u00e9s dans le bo\u00eetier mural universel :<\/p>\n<ul>\n<li>Cardiac Science G5<\/li>\n<li>Defibtech Lifeline<\/li>\n<li>Defibtech View<\/li>\n<li>Defibtech Pro<\/li>\n<li>Philips HS1<\/li>\n<li>Philips FRX<\/li>\n<li>Philips FR3<\/li>\n<li>Physio-Control Lifepak CR Plus<\/li>\n<li>Physio-Control Lifepak CR 2<\/li>\n<li>Heartsine 350P<\/li>\n<li>Heartsine 360P<\/li>\n<li>Heartsine 500P<\/li>\n<li>Mindray AED<\/li>\n<li>Zoll AED plus<\/li>\n<li>Zoll AED 3<\/li>\n<\/ul>\n<h3>Sp\u00e9cifications<\/h3>\n<p>Dimensions 38x38x20<\/p>\n<p>Poids: 5kg<\/p>\n","protected":false},"excerpt":{"rendered":"<p>Armoire murale en m\u00e9tal convenant \u00e0 tous les DAE.<\/p>\n","protected":false},"featured_media":2779,"template":"","meta":[],"product_brand":[],"product_cat":[263,82,395,81],"product_tag":[],"class_list":{"0":"post-2778","1":"product","2":"type-product","3":"status-publish","4":"has-post-thumbnail","6":"product_cat-accessoires-dae","7":"product_cat-boitier-et-support-mural","8":"product_cat-promo-cabinet","9":"product_cat-tous-les-accessoires","10":"pa_fabricant-ilcor","12":"first","13":"instock","14":"taxable","15":"shipping-taxable","16":"purchasable","17":"product-type-simple"},"bundled_by":[],"bundle_stock_status":"instock","bundle_stock_quantity":null,"bundle_virtual":false,"bundle_layout":"","bundle_add_to_cart_form_location":"","bundle_editable_in_cart":false,"bundle_sold_individually_context":"","bundle_item_grouping":"","bundle_min_size":"","bundle_max_size":"","bundle_price":[],"bundled_items":[],"bundle_sell_ids":[],"_links":{"self":[{"href":"https:\/\/www.defibsolutions.fr\/boutique\/wp-json\/wp\/v2\/product\/2778","targetHints":{"allow":["GET"]}}],"collection":[{"href":"https:\/\/www.defibsolutions.fr\/boutique\/wp-json\/wp\/v2\/product"}],"about":[{"href":"https:\/\/www.defibsolutions.fr\/boutique\/wp-json\/wp\/v2\/types\/product"}],"wp:featuredmedia":[{"embeddable":true,"href":"https:\/\/www.defibsolutions.fr\/boutique\/wp-json\/wp\/v2\/media\/2779"}],"wp:attachment":[{"href":"https:\/\/www.defibsolutions.fr\/boutique\/wp-json\/wp\/v2\/media?parent=2778"}],"wp:term":[{"taxonomy":"product_brand","embeddable":true,"href":"https:\/\/www.defibsolutions.fr\/boutique\/wp-json\/wp\/v2\/product_brand?post=2778"},{"taxonomy":"product_cat","embeddable":true,"href":"https:\/\/www.defibsolutions.fr\/boutique\/wp-json\/wp\/v2\/product_cat?post=2778"},{"taxonomy":"product_tag","embeddable":true,"href":"https:\/\/www.defibsolutions.fr\/boutique\/wp-json\/wp\/v2\/product_tag?post=2778"}],"curies":[{"name":"wp","href":"https:\/\/api.w.org\/{rel}","templated":true}]}}