{"id":2753,"date":"2019-07-11T12:48:31","date_gmt":"2019-07-11T10:48:31","guid":{"rendered":"http:\/\/bhvvoordeelw.dded11d.satserver.nl\/product\/zoll-cpr-d-elektroden\/"},"modified":"2025-09-29T13:36:22","modified_gmt":"2025-09-29T11:36:22","slug":"zoll-cpr-d-electrodes","status":"publish","type":"product","link":"https:\/\/www.defibsolutions.fr\/boutique\/shop\/zoll-cpr-d-electrodes\/","title":{"rendered":"Zoll CPR-D-padz \u00e9lectrodes"},"content":{"rendered":"<p>Les\u00a0 Zoll CPR-D-padz \u00e9lectrodes sont fournies avec votre d\u00e9fibrillateur Zoll AED Plus et Zoll AED Pro. Les \u00e9lectrodes ont une date d&#8217;expiration. Nous vous recommandons de remplacer les \u00e9lectrodes avant cette date.<\/p>\n<p>La validit\u00e9 de ces \u00e9lectrodes est 5 ans et elles peuvent facilement \u00eatre remplac\u00e9es.<br \/>\nLa durabilit\u00e9 des batteries du Zoll AED Plus est \u00e9galement 5 ans. Nous vous recommandons de les remplacer en m\u00eame temps que les \u00e9lectrodes.<\/p>\n<p><span style=\"font-weight: 400;\">Dans les <\/span>Zoll CPR-D-padz \u00e9lectrodes<span style=\"font-weight: 400;\">, un capteur est int\u00e9gr\u00e9. Pendant la r\u00e9animation il d\u00e9tecte la fr\u00e9quence <\/span><span style=\"font-weight: 400;\">et la profondeur d<\/span><span style=\"font-weight: 400;\">es compressions (Real CPR Help). Le Zoll AED Plus ou le Zoll AED Pro convertit les donn\u00e9es de compression directement des \u00e9lectrodes. Cela permet au sauveteur d\u2019ajuster ses compressions si le d\u00e9fibrillateur l&#8217;indique. Par exemple, en disant: \u201cappuyer plus fort\u201d. <\/span><span style=\"font-weight: 400;\"><br \/>\n<\/span><span style=\"font-weight: 400;\">Zoll CPR-D \u00e9lectrodes se composent d&#8217;une seule pi\u00e8ce, ce qui limite le placement incorrect.<\/span><\/p>\n","protected":false},"excerpt":{"rendered":"<p>Electrodes pour le d\u00e9fibrillateur Zoll AED Plus et\u00a0 Zoll AED Pro.<\/p>\n","protected":false},"featured_media":3311,"template":"","meta":[],"product_brand":[],"product_cat":[263,79,320,72,73],"product_tag":[],"class_list":{"0":"post-2753","1":"product","2":"type-product","3":"status-publish","4":"has-post-thumbnail","6":"product_cat-accessoires-dae","7":"product_cat-zoll-aed-plus-accessoires","8":"product_cat-grille-tarifaire","9":"product_cat-zoll","10":"product_cat-zoll-aed-pro-accessoires","11":"pa_fabricant-zoll","13":"first","14":"instock","15":"taxable","16":"shipping-taxable","17":"purchasable","18":"product-type-simple"},"bundled_by":[],"bundle_stock_status":"instock","bundle_stock_quantity":null,"bundle_virtual":false,"bundle_layout":"","bundle_add_to_cart_form_location":"","bundle_editable_in_cart":false,"bundle_sold_individually_context":"","bundle_item_grouping":"","bundle_min_size":"","bundle_max_size":"","bundle_price":[],"bundled_items":[],"bundle_sell_ids":[],"_links":{"self":[{"href":"https:\/\/www.defibsolutions.fr\/boutique\/wp-json\/wp\/v2\/product\/2753","targetHints":{"allow":["GET"]}}],"collection":[{"href":"https:\/\/www.defibsolutions.fr\/boutique\/wp-json\/wp\/v2\/product"}],"about":[{"href":"https:\/\/www.defibsolutions.fr\/boutique\/wp-json\/wp\/v2\/types\/product"}],"wp:featuredmedia":[{"embeddable":true,"href":"https:\/\/www.defibsolutions.fr\/boutique\/wp-json\/wp\/v2\/media\/3311"}],"wp:attachment":[{"href":"https:\/\/www.defibsolutions.fr\/boutique\/wp-json\/wp\/v2\/media?parent=2753"}],"wp:term":[{"taxonomy":"product_brand","embeddable":true,"href":"https:\/\/www.defibsolutions.fr\/boutique\/wp-json\/wp\/v2\/product_brand?post=2753"},{"taxonomy":"product_cat","embeddable":true,"href":"https:\/\/www.defibsolutions.fr\/boutique\/wp-json\/wp\/v2\/product_cat?post=2753"},{"taxonomy":"product_tag","embeddable":true,"href":"https:\/\/www.defibsolutions.fr\/boutique\/wp-json\/wp\/v2\/product_tag?post=2753"}],"curies":[{"name":"wp","href":"https:\/\/api.w.org\/{rel}","templated":true}]}}