{"id":2745,"date":"2019-07-11T12:48:31","date_gmt":"2019-07-11T10:48:31","guid":{"rendered":"http:\/\/bhvvoordeelw.dded11d.satserver.nl\/product\/zoll-trainingselektrodenset\/"},"modified":"2023-05-30T13:48:32","modified_gmt":"2023-05-30T11:48:32","slug":"zoll-cprd-padz-de-formation","status":"publish","type":"product","link":"https:\/\/www.defibsolutions.fr\/boutique\/shop\/zoll-cprd-padz-de-formation\/","title":{"rendered":"Zoll AED Plus trainer 2 \u00e9lectrodes de formation CPR-D Padz"},"content":{"rendered":"<p>Electrodes de formation Zoll CPR-D Padz\u00a0 pour le DAE de formation <strong>Zoll AED Trainer 2<\/strong>. Cet ensemble est livr\u00e9 en standard avec le Zoll AED Trainer 2.<\/p>\n<p>Des patchs de remplacement sont \u00e9galement disponibles pour cet ensemble: Zoll patchs adh\u00e9sifs pour \u00e9lectrodes de formation.<\/p>\n","protected":false},"excerpt":{"rendered":"<p>Electrodes de formation Zoll CPR-D Padz\u00a0 pour le Zoll AED Trainer 2.<\/p>\n","protected":false},"featured_media":4469,"template":"","meta":[],"product_brand":[],"product_cat":[243,253,78],"product_tag":[],"class_list":{"0":"post-2745","1":"product","2":"type-product","3":"status-publish","4":"has-post-thumbnail","6":"product_cat-consommables-trainers","7":"product_cat-zoll-consommables-trainers","8":"product_cat-zoll-formation","9":"pa_fabricant-zoll","11":"first","12":"instock","13":"taxable","14":"shipping-taxable","15":"purchasable","16":"product-type-simple"},"bundled_by":[],"bundle_stock_status":"instock","bundle_stock_quantity":null,"bundle_virtual":false,"bundle_layout":"","bundle_add_to_cart_form_location":"","bundle_editable_in_cart":false,"bundle_sold_individually_context":"","bundle_item_grouping":"","bundle_min_size":"","bundle_max_size":"","bundle_price":[],"bundled_items":[],"bundle_sell_ids":[],"_links":{"self":[{"href":"https:\/\/www.defibsolutions.fr\/boutique\/wp-json\/wp\/v2\/product\/2745","targetHints":{"allow":["GET"]}}],"collection":[{"href":"https:\/\/www.defibsolutions.fr\/boutique\/wp-json\/wp\/v2\/product"}],"about":[{"href":"https:\/\/www.defibsolutions.fr\/boutique\/wp-json\/wp\/v2\/types\/product"}],"wp:featuredmedia":[{"embeddable":true,"href":"https:\/\/www.defibsolutions.fr\/boutique\/wp-json\/wp\/v2\/media\/4469"}],"wp:attachment":[{"href":"https:\/\/www.defibsolutions.fr\/boutique\/wp-json\/wp\/v2\/media?parent=2745"}],"wp:term":[{"taxonomy":"product_brand","embeddable":true,"href":"https:\/\/www.defibsolutions.fr\/boutique\/wp-json\/wp\/v2\/product_brand?post=2745"},{"taxonomy":"product_cat","embeddable":true,"href":"https:\/\/www.defibsolutions.fr\/boutique\/wp-json\/wp\/v2\/product_cat?post=2745"},{"taxonomy":"product_tag","embeddable":true,"href":"https:\/\/www.defibsolutions.fr\/boutique\/wp-json\/wp\/v2\/product_tag?post=2745"}],"curies":[{"name":"wp","href":"https:\/\/api.w.org\/{rel}","templated":true}]}}