{"id":2737,"date":"2019-07-11T12:48:31","date_gmt":"2019-07-11T10:48:31","guid":{"rendered":"http:\/\/bhvvoordeelw.dded11d.satserver.nl\/product\/heartsine-350p\/"},"modified":"2025-03-14T08:46:04","modified_gmt":"2025-03-14T06:46:04","slug":"heartsine-350p-semi-automatique-defibrillateur","status":"publish","type":"product","link":"https:\/\/www.defibsolutions.fr\/boutique\/shop\/heartsine-350p-semi-automatique-defibrillateur\/","title":{"rendered":"Heartsine Samaritan 350P Semi-Automatique"},"content":{"rendered":"<h3>Heartsine Samaritan PAD 350P (version semi-automatique)<\/h3>\n<p><span style=\"font-weight: 400;\">Le d\u00e9fibrillateur\u00a0 HeartSine Samaritan PAD 350P est tr\u00e8s facile \u00e0 utiliser et \u00e0 entretenir !<br \/>\nLe d\u00e9fibrillateur a une batterie \/ \u00e9lectrodes combin\u00e9s (Pad-Pak: un seul consommable \u00e0 remplacer tous les 4 ans).<br \/>\nLe HeartSine 350P r\u00e9pond aux exigences de qualit\u00e9 les plus strictes et il\u00a0est sous garantie pour une p\u00e9riode de huit ans.<br \/>\n<\/span><span style=\"font-weight: 400;\">En plus, le d\u00e9fibrillateur HeartSine 350P est class\u00e9 IP 56 pour la r\u00e9sistance \u00e0 l\u2019eau et la poussi\u00e8re, ce qui le rend tr\u00e8s appropri\u00e9 pour la navigation, les piscines, les saunas et d\u2019 autres espaces tr\u00e8s humides.<\/span><\/p>\n<p><span style=\"font-weight: 400;\">Le fonctionnement du Samaritan 350P est conforme aux directives \u00e9tablies par le Conseil Europ\u00e9en de\u00a0 R\u00e9animation (CER) et l&#8217;American Heart Association (AHA) en 2010 pour la r\u00e9animation cardio-pulmonaire (RCP) et soins cardiovasculaires en cas d&#8217;urgence (ECC, Emergency Cardiovascular Care).\u00a0<\/span><\/p>\n<p><span style=\"color: #008000;\"><strong>Contenu du colis :<br \/>\n<\/strong><\/span>&#8211; un d\u00e9fibrillateur semi-automatique HeartSine Samaritan PAD 350P<br \/>\n&#8211; un padpak: batterie et \u00e9lectrodes pour adulte combin\u00e9es<br \/>\n&#8211; un sac de transport<br \/>\n&#8211; un mode d\u2019emploi en fran\u00e7ais<br \/>\n&#8211; une garantie de 8 ans<\/p>\n<table>\n<tbody>\n<tr>\n<td><b>Sp\u00e9cifications<\/b><\/td>\n<\/tr>\n<tr>\n<td>mode de l\u2019appareil: version <b>semi-automatique<\/b><\/td>\n<\/tr>\n<tr>\n<td>indice de protection: 56<\/td>\n<\/tr>\n<tr>\n<td>m\u00e9tronome: oui<\/td>\n<\/tr>\n<tr>\n<td>assistance au massage cardiaque (realtime Feedback): non<\/td>\n<\/tr>\n<tr>\n<td>dur\u00e9e de vie Padpak pour adultes: pile + \u00e9lectrodes combin\u00e9es &#8211; 4 ans<\/td>\n<\/tr>\n<tr>\n<td>dur\u00e9e de vie Padpak p\u00e9diatriques: pile + \u00e9lectrodes p\u00e9diatriques combin\u00e9es &#8211; 4 ans<\/td>\n<\/tr>\n<tr>\n<td>niveau d\u2019\u00e9nergie d\u00e9livr\u00e9e (adultes): 150 \/ 150 \/ 200 joules<\/td>\n<\/tr>\n<tr>\n<td>niveau d\u2019\u00e9nergie d\u00e9livr\u00e9e (p\u00e9diatriques): 50 joules<\/td>\n<\/tr>\n<tr>\n<td>fabrication: Irlande<\/td>\n<\/tr>\n<tr>\n<td>marquage CE \/ certification FDA: oui<\/td>\n<\/tr>\n<\/tbody>\n<\/table>\n<p><a href=\"https:\/\/www.defibsolutions.fr\/wp-content\/uploads\/2019\/10\/Mauel-Heartsine-Samaritan.pdf\">Manuel Heartsine Samaritan<\/a><\/p>\n<p>&nbsp;<\/p>\n<p><center><\/center>&nbsp;<\/p>\n","protected":false},"excerpt":{"rendered":"<p>Heartsine Samaritan PAD 350P (version semi-automatique) Le d\u00e9fibrillateur\u00a0 HeartSine Samaritan PAD 350P est tr\u00e8s facile \u00e0 utiliser et \u00e0 entretenir<\/p>\n","protected":false},"featured_media":2738,"template":"","meta":[],"product_brand":[],"product_cat":[64,71,70],"product_tag":[],"class_list":{"0":"post-2737","1":"product","2":"type-product","3":"status-publish","4":"has-post-thumbnail","6":"product_cat-dae-defibrillateurs","7":"product_cat-heartsine-aeds","8":"product_cat-heartsine","9":"pa_fabricant-heartsine","11":"first","12":"instock","13":"taxable","14":"shipping-taxable","15":"purchasable","16":"product-type-simple"},"bundled_by":[],"bundle_stock_status":"instock","bundle_stock_quantity":null,"bundle_virtual":false,"bundle_layout":"","bundle_add_to_cart_form_location":"","bundle_editable_in_cart":false,"bundle_sold_individually_context":"","bundle_item_grouping":"","bundle_min_size":"","bundle_max_size":"","bundle_price":[],"bundled_items":[],"bundle_sell_ids":[],"_links":{"self":[{"href":"https:\/\/www.defibsolutions.fr\/boutique\/wp-json\/wp\/v2\/product\/2737","targetHints":{"allow":["GET"]}}],"collection":[{"href":"https:\/\/www.defibsolutions.fr\/boutique\/wp-json\/wp\/v2\/product"}],"about":[{"href":"https:\/\/www.defibsolutions.fr\/boutique\/wp-json\/wp\/v2\/types\/product"}],"wp:featuredmedia":[{"embeddable":true,"href":"https:\/\/www.defibsolutions.fr\/boutique\/wp-json\/wp\/v2\/media\/2738"}],"wp:attachment":[{"href":"https:\/\/www.defibsolutions.fr\/boutique\/wp-json\/wp\/v2\/media?parent=2737"}],"wp:term":[{"taxonomy":"product_brand","embeddable":true,"href":"https:\/\/www.defibsolutions.fr\/boutique\/wp-json\/wp\/v2\/product_brand?post=2737"},{"taxonomy":"product_cat","embeddable":true,"href":"https:\/\/www.defibsolutions.fr\/boutique\/wp-json\/wp\/v2\/product_cat?post=2737"},{"taxonomy":"product_tag","embeddable":true,"href":"https:\/\/www.defibsolutions.fr\/boutique\/wp-json\/wp\/v2\/product_tag?post=2737"}],"curies":[{"name":"wp","href":"https:\/\/api.w.org\/{rel}","templated":true}]}}